{"id":174,"date":"2014-04-14T10:48:49","date_gmt":"2014-04-14T10:48:49","guid":{"rendered":"http:\/\/iedu.pl\/?page_id=174"},"modified":"2014-04-14T10:48:49","modified_gmt":"2014-04-14T10:48:49","slug":"o","status":"publish","type":"page","link":"https:\/\/iedu.pl\/?page_id=174","title":{"rendered":"O&#8230;"},"content":{"rendered":"<p>W angloj\u0119zycznych portalach bardzo \u0142adnie brzmi <em>About<\/em>. Po polsku O nawet wzbogacone trzema kropkami nie brzmi tak jednoznacznie, gdy\u017c mo\u017ce oznacza\u0107 zdziwienie. \u017beby rozwi\u0105za\u0107 potencjalne w\u0105tpliwo\u015bci wyja\u015bniam, \u017ce b\u0119d\u0105 tu po prostu informacje o mnie i nie tylko.<\/p>\n<p style=\"text-align: right;\">R. Robert Gajewski<\/p>\n","protected":false},"excerpt":{"rendered":"<p>W angloj\u0119zycznych portalach bardzo \u0142adnie brzmi About. Po polsku O nawet wzbogacone trzema kropkami nie brzmi tak jednoznacznie, gdy\u017c mo\u017ce oznacza\u0107 zdziwienie. \u017beby rozwi\u0105za\u0107 potencjalne w\u0105tpliwo\u015bci wyja\u015bniam, \u017ce b\u0119d\u0105 tu po prostu informacje o mnie i nie tylko. R. Robert Gajewski<\/p>\n","protected":false},"author":1,"featured_media":0,"parent":0,"menu_order":0,"comment_status":"open","ping_status":"open","template":"","meta":{"footnotes":""},"class_list":["post-174","page","type-page","status-publish","hentry"],"_links":{"self":[{"href":"https:\/\/iedu.pl\/index.php?rest_route=\/wp\/v2\/pages\/174"}],"collection":[{"href":"https:\/\/iedu.pl\/index.php?rest_route=\/wp\/v2\/pages"}],"about":[{"href":"https:\/\/iedu.pl\/index.php?rest_route=\/wp\/v2\/types\/page"}],"author":[{"embeddable":true,"href":"https:\/\/iedu.pl\/index.php?rest_route=\/wp\/v2\/users\/1"}],"replies":[{"embeddable":true,"href":"https:\/\/iedu.pl\/index.php?rest_route=%2Fwp%2Fv2%2Fcomments&post=174"}],"version-history":[{"count":1,"href":"https:\/\/iedu.pl\/index.php?rest_route=\/wp\/v2\/pages\/174\/revisions"}],"predecessor-version":[{"id":175,"href":"https:\/\/iedu.pl\/index.php?rest_route=\/wp\/v2\/pages\/174\/revisions\/175"}],"wp:attachment":[{"href":"https:\/\/iedu.pl\/index.php?rest_route=%2Fwp%2Fv2%2Fmedia&parent=174"}],"curies":[{"name":"wp","href":"https:\/\/api.w.org\/{rel}","templated":true}]}}